{"id":51,"date":"2018-04-03T13:51:41","date_gmt":"2018-04-03T13:51:41","guid":{"rendered":"http:\/\/GutDing.s17756220.onlinehome-server.info\/?page_id=51"},"modified":"2023-06-21T11:50:09","modified_gmt":"2023-06-21T09:50:09","slug":"agb","status":"publish","type":"page","link":"https:\/\/gutding-landsberg.de\/?page_id=51","title":{"rendered":"AGB"},"content":{"rendered":"<h1>Allgemeine Gesch\u00e4ftsbedingungen<\/h1>\n<h2>GutDing Second Hand Edith Scheurich<\/h2>\n<p>Diese Allgemeinen Gesch\u00e4ftsbedingungen gelten f\u00fcr s\u00e4mtliche Rechtsgesch\u00e4fte von GutDing Second Hand Edith Scheurich, Augsburger Stra\u00dfe21 a in 86899 Landsberg am Lech.<\/p>\n<p>GutDing Second Hand Edith Scheurich verkauft im Kundenauftrag Damen-, Herren- und Kindermoden sowie Schuhe, Accessoires, Dekoartikel und B\u00fccher (Kommissionsware). Es kann nur Ware in einwandfreiem und sauberem Zustand entgegengenommen werden. F\u00fcr Besch\u00e4digung, Verlust durch Diebstahl oder h\u00f6here Gewalt kann der GutDing Second Hand Edith Scheurich keinerlei Haftung \u00fcbernehmen.<\/p>\n<p>Der Verkaufspreis wird zwischen dem GutDing Second Hand Edith Scheurich und dem Kunden vereinbart. Der Kunde erh\u00e4lt 40% des Verkaufserl\u00f6ses, sofern nicht individuell etwas anderes vereinbart wird. Die Kommissionsware kann ab dem Datum der Anlieferung bzw. Warenerfassung maximal zwei Monate im Angebot verbleiben. Falls die Ware innerhalb des dritten Monates vom Kunden nicht wieder abgeholt ist, wird die Ware ohne den Kunden zu benachrichtigen kostenlos der Multiple-Sklerose-Hilfe oder einer anderen Organisation unserer Wahl \u00fcberlassen. Anspr\u00fcche an GutDing Second Hand Edith Scheurich k\u00f6nnen in diesem Fall nicht geltend gemacht werden. Der Verkaufserl\u00f6s muss sp\u00e4testens Ende des dritten Monates nach Anlieferung unaufgefordert vom Kunden abgeholt werden, andernfalls erlischt der Anspruch ersatzlos.<\/p>\n<h2>Reklamationen<\/h2>\n<p>Falls Sie vor dem Kauf fehlerhafte Ware finden, bringen Sie diese bitte gerne zu mir bzw. zur Kasse.<\/p>\n<h2>Umtausch<\/h2>\n<p>Da es sich bei unseren Verkaufsartikeln um gebrauchte Ware handelt, sind diese von jeglichen Umtauschrechten ausgeschlossen. Aus Kulanzgr\u00fcnden r\u00e4umt GutDing Second Hand Edith Scheurich jedoch\u00a0 eine Umtauschfrist von f\u00fcnf Werktagen ab Kaufdatum ein. Voraussetzung f\u00fcr einen Umtausch ist selbstverst\u00e4ndlich, dass sich die Ware in einwandfreiem Zustand befindet. Zudem muss sich das Etikett an der Ware befinden und der Kassenbeleg des Artikels vorgelegt werden. Sollten diese Bedingungen nicht erf\u00fcllt sein, wird die Ware nicht zur\u00fcckgenommen.<\/p>\n<h2>Preise und Bezahlung<\/h2>\n<p>Die Preise sind in Euro angegeben und werden nach der Differenzbesteuerung \u00a7 25a Umsatzsteuergesetz versteuert. Der Preis ist bei Kauf sofort in bar oder per EC Karte f\u00e4llig.<\/p>\n<h2>Haftung<\/h2>\n<ul>\n<li>a) GutDing Second Hand Edith Scheurich haftet im \u00dcbrigen vertraglich, vorvertraglich und au\u00dfervertraglich auf Schadensersatz bzw. auf Ersatz vergeblicher Aufwendungen, die durch GutDing Second Hand Edith Scheurich, deren gesetzliche Vertreter, Mitarbeiter oder Erf\u00fcllungsgehilfen verursacht worden sind, nur bei Vorsatz oder grobem Verschulden oder bei schuldhafter Verletzung vertragswesentlicher Pflichten (Kardinalpflichten) oder bei schuldhafter Herbeif\u00fchrung von Sch\u00e4den an Leben, K\u00f6rper oder Gesundheit. Au\u00dfer bei Vorsatz oder grober Fahrl\u00e4ssigkeit haftet GutDing Second Hand Edith Scheurich h\u00f6chstens auf den vorhersehbaren, vertragstypischen Schaden.<\/li>\n<li>b) Bei Verzug haftet der GutDing Second Hand Edith Scheurich auf maximal 5 % des Auftragswertes.<\/li>\n<li>c) Schadensersatzanspr\u00fcche gegen GutDing Second Hand Edith Scheurich verj\u00e4hren nach Ablauf von 12 Monaten seit ihrer Entstehung, es sei denn, sie resultieren aus einer unerlaubten oder vors\u00e4tzlichen Handlung.<\/li>\n<li>d) Die Haftungsbegrenzung erstreckt sich auch auf die pers\u00f6nliche Haftung der Mitarbeiter, gesetzlichen Vertreter und Erf\u00fcllungsgehilfen von GutDing Second Hand Edith Scheurich.<\/li>\n<li>e) Anspr\u00fcche nach dem Produkthaftungsgesetz, wegen arglistiger T\u00e4uschung oder aufgrund einer von GutDing Second Hand Edith Scheurich \u00fcbernommenen Garantie f\u00fcr die Beschaffenheit der Kaufsache bleiben ebenso unber\u00fchrt wie das Recht, Schadensersatz statt der Erf\u00fcllung zu verlangen.<\/li>\n<\/ul>\n<h2>Erf\u00fcllungsort, Gerichtsstand<\/h2>\n<ul>\n<li>a) Erf\u00fcllungsort ist Landsberg am Lech.<\/li>\n<li>b) Soweit gesetzlich zul\u00e4ssig, ist Landsberg ausschlie\u00dflicher Gerichtsstand f\u00fcr alle sich aus dem Vertragsverh\u00e4ltnisses unmittelbar oder mittelbar ergebenen Streitigkeiten.<\/li>\n<\/ul>\n<h2>Anwendbares Recht<\/h2>\n<p>Es gilt deutsches Recht unter Ausschluss des UN-Kaufrechts.<\/p>\n<h2>Salvatorische Klausel<\/h2>\n<p>Sollten einzelne Bestimmungen dieser Allgemeinen Gesch\u00e4ftsbedingungen ung\u00fcltig sein oder werden, so ber\u00fchrt dies die G\u00fcltigkeit der \u00fcbrigen Bestimmungen nicht. Anstelle der unwirksamen Bestimmungen ist eine rechtswirksame Regelung zu finden, die der urspr\u00fcnglichen Interessenlage am n\u00e4chsten kommt.<\/p>\n","protected":false},"excerpt":{"rendered":"<p>Allgemeine Gesch\u00e4ftsbedingungen GutDing Second Hand Edith Scheurich Diese Allgemeinen Gesch\u00e4ftsbedingungen gelten f\u00fcr s\u00e4mtliche Rechtsgesch\u00e4fte von GutDing Second Hand Edith Scheurich, Augsburger Stra\u00dfe21 a in 86899 Landsberg am Lech. GutDing Second Hand Edith Scheurich verkauft im Kundenauftrag Damen-, Herren- und Kindermoden sowie Schuhe, Accessoires, Dekoartikel und B\u00fccher (Kommissionsware). Es kann nur Ware in einwandfreiem und sauberem &hellip; <\/p>\n<p class=\"link-more\"><a href=\"https:\/\/gutding-landsberg.de\/?page_id=51\" class=\"more-link\"><span class=\"screen-reader-text\">\u201eAGB\u201c<\/span> weiterlesen<\/a><\/p>\n","protected":false},"author":1,"featured_media":0,"parent":0,"menu_order":0,"comment_status":"closed","ping_status":"closed","template":"","meta":{"footnotes":""},"class_list":["post-51","page","type-page","status-publish","hentry"],"_links":{"self":[{"href":"https:\/\/gutding-landsberg.de\/index.php?rest_route=\/wp\/v2\/pages\/51","targetHints":{"allow":["GET"]}}],"collection":[{"href":"https:\/\/gutding-landsberg.de\/index.php?rest_route=\/wp\/v2\/pages"}],"about":[{"href":"https:\/\/gutding-landsberg.de\/index.php?rest_route=\/wp\/v2\/types\/page"}],"author":[{"embeddable":true,"href":"https:\/\/gutding-landsberg.de\/index.php?rest_route=\/wp\/v2\/users\/1"}],"replies":[{"embeddable":true,"href":"https:\/\/gutding-landsberg.de\/index.php?rest_route=%2Fwp%2Fv2%2Fcomments&post=51"}],"version-history":[{"count":6,"href":"https:\/\/gutding-landsberg.de\/index.php?rest_route=\/wp\/v2\/pages\/51\/revisions"}],"predecessor-version":[{"id":601,"href":"https:\/\/gutding-landsberg.de\/index.php?rest_route=\/wp\/v2\/pages\/51\/revisions\/601"}],"wp:attachment":[{"href":"https:\/\/gutding-landsberg.de\/index.php?rest_route=%2Fwp%2Fv2%2Fmedia&parent=51"}],"curies":[{"name":"wp","href":"https:\/\/api.w.org\/{rel}","templated":true}]}}